+ -72805. What is the units digit of h?
8
What is the units digit of 3/(-6) + (-60)/(-40) + 6234?
5
Let o(z) = -z**3 - 39*z**2 + z + 41. Let c be o(-39). What is the hundreds digit of 1689/c*(-32)/(-24)?
1
Suppose 15*f - 106 = 149. Suppose f*p + 3164 = 24*p. What is the tens digit of p?
5
Let p = 1711 - 1139. Let f be (-1 - -2)*(57 + 1). Suppose 7*n - p = f. What is the tens digit of n?
9
Suppose -273*r = -267*r. Suppose -b - 4*i + 1125 = 0, -8*i + 10*i = r. What is the tens digit of b?
2
Let r(z) = 43. Let y(o) = -2*o - 129. Let t(l) = -11*r(l) - 4*y(l). What is the units digit of t(14)?
5
Suppose 6*p + 47292 = 45*p + 45*p. What is the units digit of p?
3
Let h be (-5)/5*(-233)/((-2)/(-2)). Let l = h - 109. What is the tens digit of l?
2
Let i = 8 + -49. Let m = i - -207. Suppose 0 = -4*x + 5*n + m, -4*n = -3*x - n + 123. What is the units digit of x?
9
Let m = -22 + 25. Let a be 0/(-1 + m - 1) + 67. Suppose 4*f = 2*v - 0*f - 46, -a = -3*v + 4*f. What is the units digit of v?
1
Let k = 41 - 41. Suppose 3*x + x - 8 = k. Suppose -6*p + 408 = -x*p. What is the tens digit of p?
0
Suppose -7*r + 33292 = -3*r. Suppose -29*k + 9628 = -r. What is the tens digit of k?
1
Let g(v) be the first derivative of -v**4/2 - 11*v**3/3 - 7*v**2 + 11*v + 7. What is the tens digit of g(-7)?
5
Let x(b) = 14*b**3 + 16*b**2 - 15*b + 26. What is the hundreds digit of x(11)?
4
Let z = 568 + -869. What is the hundreds digit of z/(-3) + (-18)/27*-1?
1
Suppose -2048818 + 755842 = -54*c. What is the ten thousands digit of c?
2
Let b be (-2)/10 - (0 - (-42)/(-10)). Suppose 3*t - 134 = b*h, -2*h = -7*h - t - 177. What is the tens digit of h*((-8)/6 + (-2)/(-6))?
3
Let r(v) = -v**3 + 21*v**2 - 21*v + 26. Let a be r(20). Let i = -1 + 3. What is the tens digit of (244/12 + 2)*a/i?
6
Let w(s) = 10*s**3 - 9*s**2 - 3*s + 9. Let p be w(4). Let v = -269 + p. What is the hundreds digit of v?
2
Suppose -16*j + 13*j + 161 = -4*d, 4*j = d + 219. Suppose j*g - 1904 = 51*g. What is the units digit of g?
6
Let d = -55 - -61. Let z be -1 - -1 - d/1. What is the units digit of 40 - 2 - (z/(-2) + -2)?
7
Let j(a) = 59*a**3 + a**2 + a - 4. Let m be j(2). Let h = m + 901. What is the units digit of h?
5
Let i = -6535 + 13091. Suppose -33*m = -11*m - i. What is the units digit of m?
8
Let q = -47480 - -74445. What is the units digit of q?
5
What is the hundreds digit of ((-6049)/115)/(2/(-330))?
6
Let a(v) = -v**3 - 15*v**2 + v + 18. Let z be a(-15). Suppose -3 = z*o, -444 = -l + o - 6*o. What is the hundreds digit of l?
4
Let u be (-4 + (-117)/(-27))/(1/1263). Let s = u + -123. What is the units digit of s?
8
Let w be (14/5)/(6/30). Let o be 5*((-7)/(-5) + w/(-35)). Suppose 233 - 908 = -o*g. What is the tens digit of g?
3
Suppose -5*v - 2*l + 90005 = 0, 13693 - 49709 = -2*v + 2*l. What is the tens digit of v?
0
Let h = 35 - 43. Let x(a) = -4*a - 15. Let i be x(h). Suppose i - 5 = w. What is the tens digit of w?
1
Suppose -75 = 8*t - 139. Suppose -t*b + 26*b = 7470. What is the hundreds digit of b?
4
Suppose d + t - 1 = -2*d, 4*t - 4 = 4*d. Suppose 4*w = -x + 181 - 58, w + 4*x - 27 = d. Suppose -i + w = 3. What is the tens digit of i?
2
Let s be (-3 + 866/14)/(8/28). Suppose 4*c - 1694 - s = 0. What is the units digit of c?
5
Suppose -5*z = 3*i - 5887, 59*z = 57*z - 8. What is the tens digit of i?
6
Let r be 5 + (-3 + -1 - -7) - 0. Suppose 5*f = 3*k - 12, 2*k - 4*k = 2*f - r. Suppose -248 = -2*p + v, 3*p - k*v - 254 = p. What is the units digit of p?
3
Let s = 52562 + -13231. What is the thousands digit of s?
9
Suppose 3*x + 3*s = -0*x + 78, 2*x - 3*s - 27 = 0. Suppose x*q = 7167 - 90. What is the hundreds digit of q?
3
Suppose 3*m - 3*z = 8505, -2*m - 2*z = -4011 - 1679. Let a = m - 1335. What is the units digit of a?
5
Let d(t) = -14*t + 48. Let c be d(12). Let z = -123 - c. Let l(r) = -64*r - 13. What is the hundreds digit of l(z)?
1
What is the thousands digit of (64067 + 7/((-63)/72))/((-12)/(-8))?
2
What is the units digit of (-5385)/((-159)/(-24) + -7)?
0
Let q = 169 - 164. Suppose -q*b + 2*n + 2511 = 0, 5*n - 499 = -b + 7*n. What is the units digit of b?
3
Let n(w) = 10*w + 156. Let r be n(-15). Suppose -3905 = -r*y + 2617. What is the tens digit of y?
8
Let a(n) = 206*n**2 - 34*n - 187. What is the units digit of a(-6)?
3
Let t = 106 - 74. Suppose q = -q + t. Let o = 18 + q. What is the units digit of o?
4
Let l(n) = -81*n - 14. Let d be l(3). Let h = d + 827. What is the hundreds digit of h?
5
What is the hundreds digit of 8877 + (-4)/(16*6/216)?
8
What is the hundreds digit of (5202/255)/((-3)/(-1310))?
9
Let q(n) = -25620*n + 462. What is the tens digit of q(-1)?
8
Let u = -982 + 7853. What is the units digit of u?
1
Let k(g) = g**3 - 8*g**2 - 7*g - 6. Let h be k(9). What is the hundreds digit of (45 + -65)/(h/14 - 1)?
1
Let r(a) = a**3 - 3*a**2 - 29*a + 1. Let p(k) = k**3 - k**2 - 3*k + 10. Let h be p(0). What is the tens digit of r(h)?
1
Suppose 0 = q + 3, 15 = 2*o - 2*q + 3. Suppose o*v = 7*v - 280. Let z = 122 - v. What is the tens digit of z?
5
Let v(u) be the third derivative of 1/24*u**4 + 0*u**3 + 0*u**5 + 0*u - 3/10*u**6 + 0 - 22*u**2. What is the units digit of v(-1)?
5
Suppose 4*d = 4*h + 347216, -5*h + 102290 = 2*d - 71353. What is the hundreds digit of d?
8
Let d(t) = 3*t**3 - 5*t**2 - 2. Let g be d(2). Suppose 5*y = -3*c + 3196, g*y + 12*c - 11*c - 1278 = 0. What is the hundreds digit of y?
6
Let m(z) = 3*z**2 - 34*z - 1273. What is the tens digit of m(47)?
5
Let a(l) = l**2 - 11*l - 28. Let q be a(-17). Suppose 1982 = 5*n - q. What is the hundreds digit of n?
4
Let g(i) = 555 - 3*i**2 + 4*i**2 + 11*i - 561. Let r be g(-11). What is the tens digit of (42/28)/(r/(-52))?
1
Suppose 136*k - 3075193 = 75*k. What is the units digit of k?
3
Suppose 1210 = 2*u + 154. Let t = 902 - u. What is the units digit of t?
4
Suppose -98*o + 184*o = 101*o - 157485. What is the hundreds digit of o?
4
Let c = -11383 - -35819. What is the units digit of c?
6
What is the tens digit of (-243845)/(-40) + (-845)/104 + 8?
9
Let h(u) = -18*u + 180. Let f be h(11). Let y(w) = -38*w - 126. What is the units digit of y(f)?
8
Suppose -o + 4*z + 8 = 27, -14 = -4*o - 2*z. Let d be 30/(15/3)*o. What is the tens digit of 8/d*-5*30/(-4)?
5
Let w(x) = -x**2 + x - 1. Let g = -34 - -29. Let c(i) = -4*i**2 + 19*i - 2. Let o(v) = g*w(v) + c(v). What is the units digit of o(-14)?
3
What is the tens digit of (4 - 25/10*3)*-2034?
1
Suppose 15 = 8*d - 25. Suppose -9*r + 2*i = -14*r + 1850, -3*r - d*i + 1110 = 0. What is the hundreds digit of r?
3
Let a be (-2609)/5*(7 + -12). Let i = -1529 + a. What is the units digit of i?
0
Suppose -5*j - 2*m + 27747 = -m, 3*m + 9 = 0. Suppose 100*w = 106*w - j. What is the tens digit of w?
2
Let u = 75 + 21. Let s = 411 - u. What is the units digit of s?
5
Let l be (-10)/15 - (4200/(-9) - 2). Suppose p - 2493 = -2*o + l, -5*o + 2*p = -7425. What is the units digit of o?
3
Let a(t) = t**2 + 0*t + 2 - 4*t + 8*t**2. Let d be 12/14*112/32. What is the tens digit of a(d)?
7
Let k = 105 + -100. What is the units digit of -2*k/(20/(-114))?
7
Let p be -4 - 48/(-9)*9. Suppose -p*z - 3882 = -5*q - 46*z, -5*z = 2*q - 1557. What is the units digit of q?
6
Suppose -2*j = 3*u - 97828, -5*j + 35*u = 36*u - 244518. What is the ten thousands digit of j?
4
What is the thousands digit of (150/(-24) - (13 - 20)) + 752175/12?
2
Let l(b) = 2*b**2 + 10*b + 20. Let z = 18 - 36. Let h be (z/(-15))/((-3)/20). What is the units digit of l(h)?
8
Let x = -117336 + 179728. What is the ten thousands digit of x?
6
Let r(p) = -191*p**2 + 2. Let q be r(-1). Let l = q + 317. Let f = 211 - l. What is the units digit of f?
3
Let a(m) = -12*m - 72. Let j be (-4)/(-16)*-138 + (-1)/(-2). What is the units digit of a(j)?
6
Let c(w) = w**3 - 14*w**2 + 23*w + 12. Let q be c(12). Suppose q = 3*f + 12 - 519. Suppose -2*r = -0*l + l - f, 5*r = -4*l + 427. What is the tens digit of r?
8
Let z be (-8)/(-6) - 0 - 8590/30. Let c be (-2)/(-7) - z/105. Suppose -t - c*y = -151, t - y = 126 + 17. What is the hundreds digit of t?
1
Suppose -61*b = -355*b + 15295056. What is the units digit of b?
4
Suppose -8*q = -2*q - 9174. Let o = q - 854. Suppose o + 13 = 4*i. What is the hundreds digit of i?
1
Let p be ((-7064)/12)/((-4)/6).